s 10989721729 prime?
False
Is 614297351 a composite number?
False
Is 2352425357 a composite number?
True
Is 221183997509 prime?
False
Is 15953995703 prime?
True
Is 5078385839 a prime number?
False
Is 15819101 a prime number?
False
Is 2294623241 a composite number?
True
Is 20634886 a prime number?
False
Is 1185510553 prime?
True
Is 4869507737 composite?
False
Is 104738831 composite?
True
Is 2340154049 a prime number?
True
Is 845697887 a composite number?
True
Is 27337249273 a prime number?
True
Is 11059171961 prime?
False
Is 654699233 a prime number?
False
Is 3119268983 composite?
False
Is 4304012597 a prime number?
False
Is 21484956147 prime?
False
Is 9856380053 a composite number?
True
Is 36685374437 a prime number?
False
Is 42564967381 a composite number?
False
Is 5586148649 a composite number?
False
Is 14695990403 a composite number?
False
Is 1086017671 prime?
False
Is 70762912237 a prime number?
True
Is 118342453 prime?
False
Is 516888089 a composite number?
False
Is 15667462703 a prime number?
True
Is 108492149 prime?
True
Is 6184576373 prime?
False
Is 6169912979 prime?
True
Is 54700199 prime?
True
Is 1823624547 a composite number?
True
Is 372272269 a composite number?
False
Is 27797481787 prime?
True
Is 53970996569 a prime number?
False
Is 5936137 a prime number?
True
Is 2970272821 composite?
True
Is 8054543 a prime number?
False
Is 60887577457 a composite number?
True
Is 45098445719 a prime number?
True
Is 432346997 a composite number?
False
Is 160867979 a prime number?
False
Is 10882556627 prime?
False
Is 32124097195 a composite number?
True
Is 560091361 a prime number?
True
Is 4286883061 a prime number?
False
Is 2851439827 a composite number?
False
Is 5564366497 a composite number?
False
Is 77616170986 a composite number?
True
Is 14560826299 composite?
False
Is 76178357347 prime?
True
Is 168026971 prime?
False
Is 57513105407 composite?
True
Is 11140103203 composite?
False
Is 2014708277 composite?
False
Is 28354034999 prime?
True
Is 196888135013 composite?
False
Is 2384558779 composite?
False
Is 9208729833 a prime number?
False
Is 5588479081 composite?
False
Is 104624354543 prime?
False
Is 24402652877 a composite number?
True
Is 139787287 prime?
False
Is 689345299 a composite number?
True
Is 2639033987 prime?
False
Is 14753261723 composite?
True
Is 78255784199 a prime number?
True
Is 309846259 a prime number?
False
Is 55373459 composite?
True
Is 13287832069 a composite number?
True
Is 76597789 prime?
True
Is 3220976181 composite?
True
Is 18735213493 a prime number?
False
Is 62633408423 prime?
True
Is 2832772471 composite?
False
Is 4326434789 prime?
True
Is 35748479849 prime?
False
Is 3005192123 a prime number?
True
Is 2340545521 a composite number?
False
Is 195660467 composite?
False
Is 318132643 a composite number?
False
Is 100048455161 a prime number?
False
Is 3965309813 prime?
False
Is 5496538303 prime?
False
Is 328002163 prime?
True
Is 496094281 prime?
False
Is 2132796643 composite?
False
Is 9899643727 composite?
False
Is 2337906133 composite?
False
Is 15187097063 prime?
True
Is 861806737 prime?
False
Is 25749169 composite?
True
Is 3043877983 a composite number?
True
Is 1169538031 prime?
True
Is 466573213 a composite number?
True
Is 488567803 composite?
False
Is 18350584897 a composite number?
False
Is 4366761079 prime?
True
Is 879919783 a composite number?
True
Is 4536409 a prime number?
False
Is 1534492319 a prime number?
True
Is 13494691607 composite?
False
Is 22383748091 prime?
True
Is 48241472897 a composite number?
True
Is 386273267 composite?
False
Is 766339001 composite?
True
Is 9980513009 a prime number?
False
Is 33392167987 prime?
False
Is 2786005133 a composite number?
False
Is 6047444371 prime?
True
Is 46281114091 a composite number?
True
Is 26649454603 a composite number?
False
Is 1327772881 composite?
False
Is 15779243891 composite?
False
Is 2972158949 prime?
False
Is 27687532493 a prime number?
False
Is 3793684823 prime?
True
Is 78140395555 composite?
True
Is 732705031 a prime number?
True
Is 33164457401 a composite number?
False
Is 44949331723 composite?
False
Is 43178915419 a composite number?
True
Is 2571992978 a prime number?
False
Is 591921401 composite?
False
Is 179970937 prime?
True
Is 51472067 a prime number?
True
Is 909708763 a prime number?
True
Is 2183349979 composite?
False
Is 112085481 prime?
False
Is 2341216331 a prime number?
False
Is 6162465151 a composite number?
True
Is 224287575689 a prime number?
False
Is 3338696155 a composite number?
True
Is 264060447457 a prime number?
True
Is 928138147 composite?
True
Is 26552570171 a composite number?
False
Is 161416557923 a composite number?
False
Is 120417310309 composite?
False
Is 956881837 composite?
True
Is 95599706761 a composite number?
True
Is 728610223 a prime number?
False
Is 282870286223 prime?
False
Is 99597026 prime?
False
Is 14670543037 a prime number?
True
Is 9737484451 composite?
True
Is 3919296203 a prime number?
True
Is 1053234029 prime?
False
Is 768154661 a composite number?
False
Is 690492449 composite?
True
Is 24188191 prime?
False
Is 19939143733 a composite number?
True
Is 58706164003 prime?
True
Is 8316806447 a composite number?
True
Is 1699094051 composite?
False
Is 3269561177 a prime number?
False
Is 510719683 prime?
True
Is 5746440599 prime?
False
Is 9900039781 a prime number?
False
Is 4219795781 a composite number?
False
Is 320934431 composite?
False
Is 644299823 prime?
False
Is 7517560201 a composite number?
False
Is 932583143 prime?
True
Is 2265889573 a prime number?
True
Is 911404237 a prime number?
False
Is 58275289717 a prime number?
True
Is 25726979 composite?
False
Is 9945172493 composite?
False
Is 52667731 a prime number?
True
Is 1273730977 a prime number?
True
Is 55276763921 composite?
True
Is 12024332693 a composite number?
False
Is 55036982711 composite?
False
Is 287729873 a composite number?
False
Is 368067377 a composite number?
False
Is 217890319 prime?
True
Is 6528198263 a prime number?
True
Is 169086601 composite?
True
Is 481326359 a composite number?
True
Is 417467647 prime?
True
Is 8104599721 a composite number?
True
Is 185064005279 composite?
False
Is 41628432119 a composite number?
True
Is 14528935429 a prime number?
True
Is 1807319897 prime?
True
Is 7776752033 prime?
True
Is 12464053891 a composite number?
False
Is 3997864813 prime?
True
Is 520301239 a composite number?
True
Is 9578861429 composite?
True
Is 9738342097 a prime number?
False
Is 199242614343 composite?
True
Is 281300573 composite?
False
Is 41458780859 composite?
True
Is 801091189 a prime number?
True
Is 13471445005 composite?
True
Is 231948347 composite?
True
Is 3856170779 a prime number?
True
Is 696267197 a prime number?
True
Is 165755590401 a prime number?
False
Is 6501898955 a composite number?
True
Is 5664877967 composite?
True
Is 17854425503 composite?
True
Is 7267906603 a prime number?
True
Is 24451523881 prime?
False
Is 1171132549 a composite number?
True
Is 7997859589 a composite number?
True
Is 17338632383 a composite number?
True
Is 927062813 a composite number?
True
Is 46873309555 a prime number?
False
Is 5633284021 a prime number?
False
Is 1382700871 a prime number?
False
Is 80346811331 composite?
False
Is 4001209561 a prime number?
False
Is 6481642049 a prime number?
False
Is 3875482333 composite?
True
Is 186538857013 composite?
False
Is 94014997 a prime number?
True
Is 249417137 a composite number?
False
Is 41977103 prime?
False
Is 4199976917 prime?
False
Is 179834401 composite?
True
Is 15604689707 prime?
False
Is 4534727849 prime?
False
Is 145040933 composite?
False
Is 801676009 a prime number?
False
Is 26163642917 a prime number?
True
Is 510076232923 composite?
False
Is 26855660893 a prime number?
False
Is 3673182803 a prime number?
True
Is 88592477069 a composite number?
True
Is 2309706703 composite?
False
Is 674727689 composite?
True
Is 4009633323 a composite number?
True
Is 2428890797 a composite number?
True
Is 21057408118 composite?
True
Is 29451210571 a prime number?
True
Is 6066553121 a composite number?
False
Is 31744754947 composite?
False
Is 254938667 a composite number?
False
Is 8395487579 composite?
True
Is 18309526563 a composite number?
True
Is 446744637965 composite?
True
Is 17113770899 a prime number?
False
Is 1